{"id":2,"date":"2026-03-18T15:58:20","date_gmt":"2026-03-18T14:58:20","guid":{"rendered":"http:\/\/localhost:8888\/?page_id=2"},"modified":"2026-03-19T17:02:56","modified_gmt":"2026-03-19T16:02:56","slug":"accueil","status":"publish","type":"page","link":"https:\/\/carnets.musee-nelli.srv10.fr\/","title":{"rendered":"Accueil"},"content":{"rendered":"\n<p><strong>Les Carnets du mus\u00e9e Nelli<\/strong>&nbsp;prolongent la d\u00e9couverte du mus\u00e9e \u00e0 travers un espace de lecture, de m\u00e9moire et de transmission.<\/p>\n\n\n\n<p>On y explore la vie et l\u2019\u0153uvre de&nbsp;<strong>Ren\u00e9 Nelli<\/strong>, l\u2019histoire du&nbsp;<strong>ch\u00e2teau de Bouisse<\/strong>, les richesses culturelles des&nbsp;<strong>Corbi\u00e8res<\/strong>&nbsp;et l\u2019actualit\u00e9 du projet mus\u00e9al.<\/p>\n\n\n\n<p>Au fil des articles, ce carnet donne acc\u00e8s \u00e0 des rep\u00e8res biographiques, des \u00e9v\u00e9nements marquants, des textes, des po\u00e8mes, des correspondances, des objets, des r\u00e9cits compl\u00e9mentaires et des regards sur l\u2019univers intellectuel et sensible de Ren\u00e9 Nelli. Il permet aussi de suivre l\u2019\u00e9volution du lieu, d\u2019en comprendre les enjeux patrimoniaux et d\u2019ouvrir la visite vers son territoire.<\/p>\n\n\n\n<p>Pens\u00e9 comme un espace vivant, ce site r\u00e9unit contenus publics, approfondissements th\u00e9matiques et, pour les adh\u00e9rents, certaines ressources r\u00e9serv\u00e9es. Une mani\u00e8re de faire dialoguer patrimoine, recherche, cr\u00e9ation et transmission autour d\u2019un m\u00eame lieu : le&nbsp;<strong>Mus\u00e9e Nelli<\/strong>.<\/p>\n\n\n\n<p><\/p>\n","protected":false},"excerpt":{"rendered":"<p>Les Carnets du mus\u00e9e Nelli&nbsp;prolongent la d\u00e9couverte du mus\u00e9e \u00e0 travers un espace de lecture, de m\u00e9moire et de transmission. On y explore la vie et l\u2019\u0153uvre de&nbsp;Ren\u00e9 Nelli, l\u2019histoire du&nbsp;ch\u00e2teau de Bouisse, les richesses culturelles des&nbsp;Corbi\u00e8res&nbsp;et l\u2019actualit\u00e9 du projet mus\u00e9al. Au fil des articles, ce carnet donne acc\u00e8s \u00e0 des rep\u00e8res biographiques, des \u00e9v\u00e9nements [&hellip;]<\/p>\n","protected":false},"author":1,"featured_media":0,"parent":0,"menu_order":0,"comment_status":"closed","ping_status":"closed","template":"","meta":{"_acf_changed":false,"footnotes":""},"class_list":["post-2","page","type-page","status-publish","hentry"],"acf":[],"_links":{"self":[{"href":"https:\/\/carnets.musee-nelli.srv10.fr\/index.php?rest_route=\/wp\/v2\/pages\/2","targetHints":{"allow":["GET"]}}],"collection":[{"href":"https:\/\/carnets.musee-nelli.srv10.fr\/index.php?rest_route=\/wp\/v2\/pages"}],"about":[{"href":"https:\/\/carnets.musee-nelli.srv10.fr\/index.php?rest_route=\/wp\/v2\/types\/page"}],"author":[{"embeddable":true,"href":"https:\/\/carnets.musee-nelli.srv10.fr\/index.php?rest_route=\/wp\/v2\/users\/1"}],"replies":[{"embeddable":true,"href":"https:\/\/carnets.musee-nelli.srv10.fr\/index.php?rest_route=%2Fwp%2Fv2%2Fcomments&post=2"}],"version-history":[{"count":2,"href":"https:\/\/carnets.musee-nelli.srv10.fr\/index.php?rest_route=\/wp\/v2\/pages\/2\/revisions"}],"predecessor-version":[{"id":244,"href":"https:\/\/carnets.musee-nelli.srv10.fr\/index.php?rest_route=\/wp\/v2\/pages\/2\/revisions\/244"}],"wp:attachment":[{"href":"https:\/\/carnets.musee-nelli.srv10.fr\/index.php?rest_route=%2Fwp%2Fv2%2Fmedia&parent=2"}],"curies":[{"name":"wp","href":"https:\/\/api.w.org\/{rel}","templated":true}]}}